 - t - 4*c = -47, -3*t + 167 = -c. What is the remainder when t is divided by 19?
17
Suppose -106 = -4*b - 2*p, -2*b = -2*p - 0*p - 68. What is the remainder when b is divided by 8?
5
Suppose -c + 95 = 4*c. Let h = -608 - -618. What is the remainder when c is divided by h?
9
Suppose 0 = s + s - 3*h - 31, 5*h = 5*s - 85. Let m(l) = l**3 + 2*l**2 - 2*l - 1. Let u be (4/6)/(1/3). What is the remainder when s is divided by m(u)?
9
What is the remainder when 32 is divided by 0 + 15 + 16/(-4) + 2?
6
Suppose -63 = -4*j - 3*f, j + 6 - 38 = -4*f. Let l be -4 + 1*(2 + -1). Let v(s) = -2*s**3 - 3*s**2 - 2*s + 1. Calculate the remainder when v(l) is divided by j.
10
Let i(z) = -z + 46. Suppose -264 = 3*a + l, 5*l + 102 = -4*a + 3*a. Let x = -48 - a. What is the remainder when x is divided by i(26)?
19
Let m(w) = 5*w**2 - 7*w - 1. Calculate the remainder when m(6) is divided by 20.
17
Let m(p) = 5*p**2 - p. Let r be m(-2). Suppose 0 = -5*h + 3 + r. Calculate the remainder when 18 is divided by h.
3
Suppose 18 = 3*p - 54. Let y = -20 - -63. Let f = -30 + y. What is the remainder when p is divided by f?
11
Suppose -3*b + 13*b - 150 = 0. What is the remainder when 74 is divided by b?
14
Suppose 9*k - 4*k - 45 = 0. Let a = k - 2. Calculate the remainder when a is divided by 3.
1
Let v(d) = d + 25. Suppose 3*c - 3 = 3. Calculate the remainder when v(0) is divided by 1 - (-14)/c - -1.
7
Suppose -2*c + 117 = -c. Suppose -x + 60 = x. Calculate the remainder when c is divided by x.
27
Let o be ((-4)/2)/((-3)/(-6)). Calculate the remainder when (-2 - o)/(4/70) is divided by 49 + -40 + 1 + -5 - -4.
8
Let o(w) = -w**3 + 6*w**2 - 6*w - 4. Let n be o(5). Let z = -12 + 19. Calculate the remainder when ((-12)/n)/((-2)/(-30)) is divided by z.
6
Suppose 4*l - 160 = 2*i, 0 = -3*l - 2*i - 2*i + 142. Calculate the remainder when 291 is divided by l.
39
Suppose -q - 2*k = -44, q - 3*k - 14 = k. What is the remainder when q is divided by 6?
4
Suppose 166 = 3*v + 2*b, 49 = 2*v - 5*b - 30. Calculate the remainder when v is divided by 11.
8
Let u(g) = 2*g**2 + 2. Let t be ((-12)/(-15))/((-2)/5). Calculate the remainder when 38 is divided by u(t).
8
Let i(j) = 2*j**2 + 5*j + 3. Calculate the remainder when i(-3) is divided by 5.
1
Let o(u) = -2*u**2 + 1. Let q be o(-1). What is the remainder when 45 is divided by (-126)/(-8) + q/(-4)?
13
Let r(l) = l**3 + 3*l**2 - 2. Let s be r(-3). Suppose z = 2*d + 15, 0*d - 33 = 3*d + 2*z. Let i = s - d. Calculate the remainder when i is divided by 3.
1
Let h = -20 + 33. Let l = -31 + 82. What is the remainder when l is divided by h?
12
Let l(n) = -6*n - 1. Suppose -p + 0*i + 7 = 3*i, 5*i = -2*p + 15. What is the remainder when l(-3) is divided by p?
7
Let k(l) = 0*l**2 + 16*l**2 + 1 - 2*l + 3*l. Let r(q) = -8*q + 1. Calculate the remainder when k(-1) is divided by r(-1).
7
Let q be (-29)/(-9) + 8/(-36). Let d(j) = 4*j + 2. Let w be d(q). Suppose -w = -2*f - 3*l, -2*f - 2*l = -3*f. Calculate the remainder when f is divided by 2.
0
Suppose -t - 5*x = 4*t - 105, 0 = -3*t - 4*x + 65. Let b = 10 + -4. Suppose 5*r = -5, -b*m = -2*m + 5*r - 23. What is the remainder when t is divided by m?
5
Let t(l) = 13*l + 1. Let o be t(1). Suppose -2*m = -m - o. Suppose 0 = 4*k - 6*k + 52. Calculate the remainder when k is divided by m.
12
Let p(u) = 2*u**3 - 2*u**2 + 1. Suppose -9 - 16 = 5*a, 4*y + 2*a = -6. Calculate the remainder when p(1) is divided by y.
0
Suppose -2*s + 12 = -s. Suppose 0 = 3*c + 60 - s. Let t = c + 22. What is the remainder when 11 is divided by t?
5
Suppose 4*c = 2*c + 50. Suppose 0 = 9*u - 3*u - 78. Calculate the remainder when c is divided by u.
12
What is the remainder when (6 - 3)*(-19)/(-1) is divided by 20?
17
Let t(j) = j**3 + 8*j**2 + 10*j + 6. Let w be t(-6). Suppose 0*k = 4*k - 2*c - w, 12 = -k - 5*c. Calculate the remainder when 7 is divided by k.
1
Let r(f) = -39*f**3 + f**2 - 1. What is the remainder when r(-1) is divided by (-10)/(-3 - 5/(-2))?
19
Let u be ((-5)/(-10))/(2/24). Suppose 4*n + 35 = f, -4*f + u*n - n = -162. Calculate the remainder when f is divided by 15.
13
Let c(s) = 3*s**2 - s + 1. What is the remainder when 42 is divided by c(2)?
9
Suppose 4*q - 129 = 71. Let j = 74 - q. What is the remainder when j is divided by 9?
6
Let l(o) = 6*o - 55. What is the remainder when 8 is divided by l(10)?
3
Let d(k) = k + 3. Let r be d(16). Let z = r - -3. Calculate the remainder when 64 is divided by z.
20
Let g be 3*(22/6 - 2). Let v be ((-2)/(-6))/(g/75). Suppose -20 = -v*d + d. Calculate the remainder when 17 is divided by d.
2
Let i(l) = -l - 5. Let j be i(-4). Calculate the remainder when (7 + -12)/(j*1) is divided by 3.
2
Suppose -5*g = -g - 236. Calculate the remainder when g is divided by 17.
8
Let k(a) = 3*a**2 - 14*a - 20. What is the remainder when k(9) is divided by 25?
22
Calculate the remainder when 28 is divided by -1 + (2/6)/((-2)/(-48)).
0
Let u(j) be the second derivative of -j**5/20 + 5*j**4/12 + j**3/2 - j**2 + 3*j. Calculate the remainder when u(-3) is divided by 21.
19
Suppose -3*v = -1 + 4. Let c = -24 + 41. Calculate the remainder when c is divided by v/4 - (-21)/4.
2
Let s(d) = d**2 - 8*d - 29. Let f = -16 + 51. What is the remainder when f is divided by s(12)?
16
Suppose -3*n + 4*a = 8, -n + 0*a = -a + 2. Suppose -2*i + 1 - 3 = n, j = -3*i. Let y = j + 1. Calculate the remainder when 11 is divided by y.
3
Suppose 0 = -3*l - l + 8. What is the remainder when l is divided by 1?
0
Suppose 13*t + 23 = 18*t - 2*z, t - 6 = -z. Let x(k) = -k**3 + 5*k**2 + 9*k - 6. Calculate the remainder when x(6) is divided by t.
2
Suppose 5*j = 8*j - 66. Calculate the remainder when j is divided by 12.
10
Suppose 0 = 2*c - 5*p - 13, -c + p + 11 = -3*p. Calculate the remainder when 23 is divided by c/(-2)*-2 + 9.
7
Suppose -272 = -8*o + 72. What is the remainder when o is divided by 12?
7
Let l be (-2)/(-5) + (-30)/75. Suppose l = 4*h - 14 - 30. What is the remainder when 42 is divided by h?
9
Let x(g) = 4*g - 7. Let h be x(3). Suppose -2*q + h + 9 = 0. Calculate the remainder when 25 is divided by q.
4
Let i(l) = -l**2 + 11*l + 9. Suppose 4*c - 9 - 41 = 2*w, c - 20 = 2*w. Let p(g) = -2*g + 1. Calculate the remainder when i(c) is divided by p(-3).
5
Suppose -4*c + a = -187, 0 = -c + 3*a + 25 + 19. Suppose -27 = -2*n + 5. What is the remainder when c is divided by n?
15
Let a = 34 - 20. Let j be (0 + -7)/(-1)*-1. Let n = a + j. What is the remainder when 20 is divided by n?
6
Let j = -1 + 51. What is the remainder when j is divided by 13/((-4)/12*-3)?
11
Suppose -t = -2*l - 3*t + 102, 0 = -t. Let k = 72 - l. Calculate the remainder when 81 is divided by k.
18
Calculate the remainder when (0 - -2)*44/8 is divided by ((-12)/(-14))/((-3)/(-21)).
5
Let a = -57 - -133. What is the remainder when a is divided by 26?
24
Let u be ((-6)/5)/(6/(-100)). Suppose -5*f + f = -u. Calculate the remainder when f is divided by 4.
1
Suppose 8*o - 6*o - 62 = 0. Calculate the remainder when (3 + -2)/(1/121) is divided by o.
28
Let u = 25 + -7. What is the remainder when u is divided by 5?
3
Let d = -67 - -132. Calculate the remainder when d is divided by 33.
32
Let l = -48 + 89. Suppose -3*b + l - 8 = 0. Calculate the remainder when 42 is divided by b.
9
Let n(v) = -v**3 + 7*v**2 + 2*v - 2. What is the remainder when 46 is divided by n(7)?
10
Let c = 25 - -1. Suppose -3*v = -v - 28. Calculate the remainder when c is divided by v.
12
Suppose -6*a + 3 + 9 = 0. Let d(s) = -s**3 - 12*s**2 - 10*s + 14. What is the remainder when d(-11) is divided by a?
1
Calculate the remainder when 74 + 0*2/(-1*4) is divided by 19.
17
Let x(c) = c**2 + 8*c + 8. Let r be x(-6). Let b = r + 22. Suppose -3*a + 34 = 4. What is the remainder when b is divided by a?
8
Let g = 3 - -2. What is the remainder when 9 is divided by g?
4
Suppose -1196 = 11*w - 15*w. Calculate the remainder when w is divided by 12.
11
Suppose -p = t - 12, 3*t - p = 7*t - 48. What is the remainder when t is divided by 7?
5
Let o = 18 + -9. Let d = -4 + o. What is the remainder when 12 is divided by d?
2
Let i = -2 + 14. Calculate the remainder when i is divided by 7.
5
Let h(f) = -f**3 + f**2 - 3. Calculate the remainder when 97 is divided by h(-3).
31
Let t(i) = -9 - 5*i + 3*i + 3. Let l be